a?
2
Suppose -9*v + v = 24. Let m be 60/14 + v/42*4. Suppose 2*d = 3*d - m*o + 11, 2*d + 4*o - 26 = 0. Calculate the highest common divisor of 1 and d.
1
Suppose -14575 + 38755 = 31*f. What is the greatest common divisor of f and 9204?
156
Suppose 0 = 5*w - 867 + 227. Let m = 18796 + -18772. Calculate the greatest common factor of w and m.
8
Suppose -4*c = -7 - 353. Let f = 11227 + -11177. What is the greatest common divisor of c and f?
10
Let a(z) = -108*z + 1777. Let l be a(16). Calculate the highest common factor of l and 896.
7
Let p = 8347 + -1360. Calculate the highest common factor of 51 and p.
51
Let h = 742 + -714. Let b be ((-7)/(h/(-40)))/(8/32). What is the highest common factor of 760 and b?
40
Suppose i - 2 + 7 = 0, -6*x - 5*i = -17111. Calculate the highest common factor of x and 340.
68
Let p(l) = 2*l**2 - 7*l + 9. Let x be p(6). Suppose -6*u + 532 = 3148. Let v = u + 631. What is the highest common factor of v and x?
39
Let v(z) = z**2 + 4. Let r = -49 - -45. Let k be v(r). Let o = 245 + -175. What is the highest common factor of k and o?
10
Let d = -30 + 73. Let b = 642182 - 642181. What is the greatest common factor of d and b?
1
Suppose -7*d + 2*d - 55 = 0. Let o = 14 + d. Let z be ((-1)/(-2)*-4)/(-2). Calculate the highest common factor of o and z.
1
Suppose -5*g = -2*h - 1 + 49, -5*h = 2*g - 4. Let j be (-55)/10 - -4 - 9/2. Let o be (162 - 15)*g/j. What is the greatest common factor of o and 28?
28
Suppose -1747 = 546*l - 37237. Calculate the highest common factor of l and 351.
13
Let g = 385 - 329. Suppose g = 9*d - 160. Calculate the greatest common divisor of d and 120.
24
Suppose 0*f + 25 = -5*k + 3*f, 2*f = 3*k + 16. Suppose 8*z = 11 - 3. Let l be k/(-4)*30/z. What is the greatest common divisor of 120 and l?
15
Suppose 14*l + 4458 = 18*l - 3*b, 0 = 3*b + 6. Calculate the greatest common divisor of l and 159.
159
Let i = -82 + -112. Let h = i - -258. What is the greatest common factor of h and 48?
16
Let s be 18/(-3) + (-1)/1. Let n = 55 + s. Calculate the greatest common divisor of n and 64.
16
Suppose -2*k + s + 9 = 0, -5*k + 0*s + 2*s + 22 = 0. Suppose 4*x - 4 = 3*c - 2, x - 11 = -c. Calculate the highest common divisor of c and k.
2
Suppose 2*u = u + 19. Suppose -4*s + 281 + u = 0. Suppose -728*v + 7199 = -3721. What is the greatest common divisor of v and s?
15
Let x be (4 - -89)/3 - 8. Suppose -414 = 151*q - 153*q. Calculate the highest common divisor of q and x.
23
Let g(q) = -153 - 50 - 162 + 14 - 44 + 225*q. Let u be g(9). What is the highest common factor of 10 and u?
10
Let l be (-54 + 0)/(8 + (-7 - 2)). Let q(m) = -38 + 5 - 20*m - m**2 + 15. Let n be q(-18). Calculate the highest common factor of n and l.
18
Let r = 121 - 217. Let d = -61 - r. Calculate the highest common factor of d and 63.
7
Suppose 12 = 4*o, -24*q + 12*o = 9*o - 63. What is the highest common divisor of q and 180?
3
Let f be -6 - (3 - 8) - (1 - 0). Let d be 21/28 + f*3/8. Suppose -4*b - 61 - 99 = -5*r, d = 4*r + b - 149. What is the greatest common divisor of 48 and r?
12
Suppose -3475*z - 15812 = -3534*z. Calculate the greatest common factor of 52 and z.
4
Let d be 4 - 51516/(-8) - 2/(-4). Calculate the highest common factor of 108 and d.
36
Let g = 21 + 19. Suppose -30 = -28*h + 22*h. Suppose 0 = h*n + j - 29 - 50, -5*n + 78 = 2*j. Calculate the highest common factor of n and g.
8
Let y(w) = w**3 - 3*w**2 - 4*w - 14. Let f be y(8). Let x = f - -54. Calculate the greatest common factor of x and 41.
41
Let r be 7/(-14) - (-50)/4. Suppose r = 3*n - 4*n - 5*f, -3*f = 3*n. Let y be -6*-1*(9 + n). What is the highest common factor of 18 and y?
18
Let c = 5743 + -5645. What is the greatest common divisor of c and 10094?
98
Suppose 454 = 2*z - 2*m, 0 = -z - 19*m + 22*m + 231. What is the highest common divisor of z and 6?
3
Suppose -5*k = q - 3*k - 421, k = -5*q + 2150. Let p = q - 407. What is the greatest common factor of p and 192?
24
Let c(d) = 60*d**2 - 77*d + 652. Let z be c(18). Calculate the greatest common divisor of 94 and z.
94
Let a = 67 - 46. Let j(z) be the third derivative of -19*z**4/24 + 32*z**3/3 - 60*z**2. Let p be j(3). Calculate the greatest common divisor of a and p.
7
Suppose 3 = 6*b - 9. Let z be b/(4/(-24)*-3). Suppose -l - s + 31 = s, 4*l + z*s = 132. What is the highest common factor of 7 and l?
7
Let a(t) = 6*t**2 - 4*t - 31. Let y(n) = -n**3 - 21*n**2 - 38*n + 10. Let k be y(-19). Let v be a(k). What is the highest common factor of 23 and v?
23
Suppose 624 = 44*c + 8. Suppose 3*a = 4*a - 336. Suppose -13*v + a = -10*v. What is the greatest common divisor of v and c?
14
Let r be 133/7 - (6 + -3 + 0). What is the highest common factor of r and 40?
8
Let h be (0 + 1)/((-1)/(-3)). Let d = 315 + -476. Let w = d - -176. What is the greatest common factor of w and h?
3
Suppose 1832 - 2009 = -3*l. Let p be l/5 + 378/(-35) + 11. Calculate the greatest common divisor of 148 and p.
4
Let g(q) = -9*q**2 - q + 140. Let w be g(0). Suppose 48*k - 2*u = 45*k + w, 4*u - 270 = -5*k. Calculate the highest common divisor of k and 150.
50
Suppose -2195 + 1009 = -2*l - 3*n, 2*n + 1196 = 2*l. Calculate the highest common divisor of l and 8.
4
Let r be 10 + 429/(-13) + 553. Calculate the greatest common factor of 310 and r.
10
Let f(l) = -40 - 330*l - 350*l + 664*l. Let r(y) = -y**2 - 2*y + 2. Let d be r(3). Let w be f(d). Calculate the highest common divisor of w and 21.
21
Suppose 0 = 490*r - 504*r - 1694. Suppose -5*s - 1684 = -s. Let v = r - s. Calculate the highest common divisor of 30 and v.
30
Let s(w) = -13*w - 19. Let p be s(-2). Let q be 16/(-4) + (p - 2). What is the highest common divisor of q and 3?
1
Suppose 3*s = 5*n - 135, -5*n + 8*s = 6*s - 130. Let g = n + -15. Calculate the greatest common factor of g and 45.
9
Suppose -16 = 4*i, -3*t - 496*i + 491*i + 1852 = 0. What is the highest common divisor of t and 78?
78
Let k = -3305 - -5385. Calculate the greatest common divisor of 13 and k.
13
Let a(h) = 12*h + 4. Let k = -2 - -7. Let z be a(k). Suppose -788*p - 6*d + 46 = -790*p, 0 = 5*d - 65. Calculate the highest common factor of p and z.
16
Let j be ((-475488)/(-20))/24 - (0 + (-15)/(-25)). Calculate the greatest common factor of j and 590.
10
Let p be ((-9)/(-2))/((-273)/(-702)*(-6)/(-3304)). Calculate the highest common divisor of p and 12.
12
Let d(w) = -5*w - 13. Let k be d(-13). Suppose k = 6*y - 2*y. Let o(j) = 15*j**2 - 4*j - 4. Let a be o(-3). Calculate the highest common divisor of a and y.
13
Let l(j) = j**3 + 26*j**2 + 140*j - 33. Let f be l(-18). What is the greatest common divisor of f and 156?
39
Let x(h) = 16*h - 7. Let p be x(7). Let f = -781 - -496. Let u = f + 315. Calculate the highest common divisor of u and p.
15
Suppose 4*p - 202 = -70. Let s = -17740 - -17743. Calculate the highest common factor of p and s.
3
Let c = 299 - 76. Suppose -3*z = -3*k + k + c, 0 = 4*k + 5*z - 435. Suppose -k = -5*l + 220. What is the greatest common factor of l and 6?
6
Suppose 0 = 2*o + 2*w - 40, -3*o + 2*w + 42 = -w. Let z(f) = -8*f + 140. Let r be z(-8). What is the greatest common divisor of r and o?
17
Let d(o) = 406*o - 2835. Let s be d(7). Calculate the highest common divisor of 3199 and s.
7
Let o(b) = -b**2 - 8*b + 4. Let c be o(-8). Suppose c = 4*i, 3*w - i - 32 = 15. What is the highest common factor of w and 88?
8
Let c be 9 + (4 - (-3 + 4)). Suppose -16*d - 17 = -15*d. Let x = 47 + d. What is the greatest common divisor of c and x?
6
Let b = -10211 - -10329. Calculate the highest common divisor of b and 1357.
59
Let i = -73 + 75. Suppose i*c + 1064 = 16*c. Calculate the greatest common factor of 4 and c.
4
Suppose -5*y - 4*g - 60 = -415, 4*g = -4*y + 280. Let j be (-8 + 7)/(2/(-840)) - 3. Let x = j - 387. Calculate the greatest common divisor of y and x.
15
Let y(j) = 12*j**2 + 12*j + 30. Let n be y(-8). Let i(o) = -27*o - 162. Let v be i(-8). Calculate the highest common divisor of n and v.
54
Suppose -345 = -17*x + 420. Calculate the greatest common divisor of x and 2685.
15
Let k(g) = 161*g**3 + g**2 - g. Let r be k(1). Let v = 4004 - 3820. What is the greatest common factor of r and v?
23
Let y = -89 + 249. Suppose -32 = -2*d - 3*b, 8 = 3*b - 4. Calculate the greatest common divisor of y and d.
10